 -3*u - 6 = 2*a + 1. Let n be (3/5)/(a/5). Suppose -2*m + 0*m + 5*z + 37 = 0, -n*z + 139 = 4*m. Is m prime?
True
Let b(v) = 1636*v + 133. Is b(10) composite?
False
Suppose -63*f + 3050112 = 1060635. Is f a prime number?
False
Suppose -g - 16769 = -o - 5*g, 0 = 4*o - 5*g - 67076. Is o a prime number?
False
Let a = 27629 - 14787. Is a prime?
False
Let k(i) = -128*i**3 - 4*i - 5. Is k(-1) composite?
False
Let w(z) = 153*z - 215. Is w(20) prime?
False
Let c = 3004 + -611. Is c prime?
True
Let s = 766 + -506. Suppose 2*z - s = -34. Is z a composite number?
False
Is ((-14998)/10)/(5 + 208/(-40)) composite?
False
Let t(s) = 737*s + 111. Is t(10) prime?
True
Suppose 0*v = 2*v - 10. Let b = v - 3. Suppose -3*s + b*s = -1387. Is s prime?
False
Let z(t) = -16*t**3 - 7*t**2 - t + 13. Let x be z(-5). Suppose 0 = j - 3*c - 1850, -4*c = -j + 2 + x. Is j a composite number?
True
Suppose k + q = -3*k + 85925, -2*q = -4*k + 85922. Is k composite?
False
Is (-39733)/(-4) - (-973)/556 a prime number?
False
Suppose -2283 + 56707 = 8*d. Is d composite?
False
Let k = -28 + 25. Is (k/(-9))/(5/6225) prime?
False
Suppose -3*h - 18 = -3*t, -2*t + 4*t = -3*h + 12. Is (t/(-3) - (-8)/4) + 307 composite?
False
Suppose -b + 0*b + 5 = 0. Suppose -391 = -b*t - 1521. Is t/(((-8)/(-5))/(-4)) a composite number?
True
Let i = 13 + -11. Suppose -i*g = g. Suppose -25 = -5*b, g*f - 4*b = 5*f - 615. Is f composite?
True
Let r(x) = -76*x - 11. Suppose 18 = -4*u - 22. Is r(u) composite?
True
Suppose -q + 3*u - 246 = -0*q, 5*u + 230 = -q. Is (q - 2)*5/(-10) composite?
True
Suppose 0 = 3*h + 2*h + 5. Is (h/(-2)*3974)/1 prime?
True
Suppose -p - 49*p + 548950 = 0. Is p composite?
False
Suppose -j = 5*f + 352, -3*j + 204 = 2*f - 5*f. Let y be -1 - (f - (-2 + 2)). Let w = y + 90. Is w a composite number?
True
Let y(g) = g**2 + 52*g - 298. Is y(63) prime?
True
Let v = 1853 + 40454. Is v a prime number?
True
Suppose 2*x - m - 19009 = 0, -48905 + 10880 = -4*x - 5*m. Is x prime?
False
Suppose 0 = -j - 6*j + 448. Let l = -41 + j. Is l prime?
True
Let b be 25700/(-18) + ((-10)/45)/1. Let k = b - -2315. Is k composite?
False
Let y = 5 + -1. Let u = y + -6. Is -2*u/((-16)/(-668)) a composite number?
False
Is (-6)/69 - (-4780118)/322 composite?
True
Is (-4642198)/(-154) - 6/(-7) prime?
False
Let m be 1*-2*2*(-66)/12. Suppose -1178 = -4*n - m. Is n prime?
False
Let a(c) = 10*c**2 + 20*c - 69. Is a(11) a composite number?
False
Is 12/(-42) - 381/(-21)*471 prime?
False
Let q(r) be the third derivative of r**8/5040 - r**7/560 + r**6/120 - r**5/12 + 4*r**2. Let g(z) be the third derivative of q(z). Is g(7) prime?
True
Let i be (54/(-15) + 0)*-80. Suppose 5*l = 3*x - 884, -x + i = -2*l - l. Is x prime?
False
Let g(y) = -y**2 + 13*y - 17. Let s be g(9). Let t = 22 - s. Is 19/t - (-10)/15 prime?
True
Let a(h) = -4*h**3 + 7*h**2 + 6*h - 6. Let n be a(6). Let i = 1255 + n. Is i composite?
False
Suppose -i - 7 = 3*x, -7*x - 5 = 5*i - 2*x. Let y(h) = 180*h + 7. Is y(i) composite?
False
Suppose 803*g = 800*g + 7737. Is g composite?
False
Let t(a) be the third derivative of 13*a**4/6 - 7*a**3/6 - 4*a**2. Is t(8) a composite number?
False
Let z(u) = -1051*u + 23. Let t be z(-11). Suppose 2*r = -f + t, 5103 = -5*r + f + 34056. Is r composite?
False
Suppose k - 3 = 8. Suppose -222 = -k*o + 8*o. Suppose 2*f - 756 = -o. Is f composite?
True
Suppose 0 = -3*s - 3*r - 12, -5*s + 3*s + 3*r = -7. Let t(u) = 1 - 27*u**3 - 3*u**3 - 2*u**2 - 27*u**3 - 179*u**3. Is t(s) a composite number?
True
Is (60740 - (-3 + -8)) + 2*-2 composite?
True
Suppose -2*a = -72295 + 801. Is a a prime number?
True
Let d(i) = 2*i**2 - 28*i + 5. Let w be d(14). Suppose 0 = -9*o + w*o + 764. Is o composite?
False
Let d = 59158 - 38417. Is d composite?
True
Let m = -13 + 10. Let t be 0/(1 - (m - -2)). Suppose 5*h = s + 2*s + 1322, 2*h - 3*s - 527 = t. Is h a prime number?
False
Let z be 28/(-2) - (-7 + 8). Is 6/z*362915/(-14) a prime number?
True
Let i be 2/(-11) + 13/11. Let g be (2/(0 + -2))/i. Is 205 - g/(-2)*4 a composite number?
True
Let p(q) = 39*q**2 + 7*q + 57. Is p(-7) a prime number?
False
Let f(v) be the third derivative of -v**6/120 + v**5/12 + v**4/4 + 5*v**3/6 + 41*v**2. Let c(b) = -b**3 - 6*b**2 - 6*b. Let w be c(-5). Is f(w) a prime number?
False
Suppose 0 = 3*l - 6*l + 3*f - 84, 5*f - 5 = 0. Let a = l + 136. Let v = -50 + a. Is v a prime number?
True
Let b(f) = 2*f**2 + 16*f - 15. Let p be (4 - 3/1)*-13. Is b(p) a prime number?
False
Let q be 183/(-2) - (-3)/6. Let t = -543 + 941. Let k = t + q. Is k a prime number?
True
Let l(v) = -429*v**2 - 19*v - 9. Let p(h) = -143*h**2 - 6*h - 3. Let f(x) = 2*l(x) - 7*p(x). Is f(-1) a composite number?
True
Suppose 3*t + 4*h - 6*h + 158 = 0, 5*t + 5*h = -230. Is 5/t*6*-85 prime?
False
Let g(b) = 6*b**3 + b**2 - 2*b + 2. Let k be g(1). Suppose -k*p + 14076 - 3527 = 0. Is p a composite number?
True
Let w = -49304 - -123739. Is w prime?
False
Let n = -16 + 22. Suppose -3*o = -n*o + 15. Suppose h - o*q = 4*h - 1386, 3*h - 3*q = 1410. Is h composite?
False
Suppose -8717 = -9*s - 14*s. Is s prime?
True
Let m = 8 - 5. Suppose -m*q + 198 = 3*q. Is q prime?
False
Let w be 773/(-4) + 3/12. Let i be (24/(-20))/((-2 + 1)/(-90)). Let j = i - w. Is j a composite number?
True
Is 17 - 19 - -1*152019 a prime number?
True
Let a = 16060 - -1153. Is a a composite number?
True
Let t = 3234 - 1264. Suppose -5*k + 0*k = -t. Suppose -6*g + k = -392. Is g a composite number?
False
Suppose 173 = 2*q + 5*i, 3*q - 7*i = -3*i + 225. Is q prime?
True
Let f(d) = 1 - 2*d**2 - 2 - 3*d**2 + 5*d + 4*d**2. Let m be f(4). Suppose -m*h + 2*k = 5*k - 105, k + 175 = 5*h. Is h a prime number?
False
Suppose 4*i + 0*i = u - 464, -3*u + 1376 = -4*i. Let q = u + -271. Is q a prime number?
False
Suppose 0 = 2*g - 500 - 1158. Is g composite?
False
Let j = -2761 + 4179. Let c = -4 + 7. Suppose -y - j = -c*y. Is y composite?
False
Let s be -1 + 1 + (-2 - -6). Suppose -4*g + 4*d = -0*g - 3828, s*g - 3836 = -4*d. Is g a prime number?
False
Let t = 4638 - 9370. Let p = -3071 - t. Is p a composite number?
True
Suppose 40796 + 125403 = 29*s. Is s a composite number?
True
Let x(f) = -11*f**2 - 17*f - 13. Let y be x(-11). Let v = y + 2716. Is v a prime number?
True
Is -12*4/(-16) - -6079*1 prime?
False
Suppose -5*h - 1 = -4*h. Let n be 7/14*4*h. Is (4 - 2)*(-91)/n composite?
True
Suppose -t = -5*i + 11 - 3, -3*i = 3*t - 12. Is ((-809)/3)/(t/(-6)) a composite number?
False
Is 6/(-4) - 132065*2/(-4) prime?
False
Suppose 2*g + 4*s + 56 = 0, g - 5*s = -3*g - 86. Let y = g - -26. Suppose 1640 = 3*p + p + 2*d, y*p - d = 824. Is p a prime number?
False
Let k(h) = -21*h**3 - 2*h**2 + h. Let d be k(1). Let g = -22 - d. Suppose -5*r + 3*x + 3467 = g, -5*r + 861 = 2*x - 2586. Is r a prime number?
True
Let b = 245 + 234. Is b composite?
False
Let y(p) = 69*p**2 - 25*p - 9. Let o be y(-7). Let m = -684 + o. Is m a composite number?
True
Let d(k) = 410*k**3 - 2*k**2 + k. Suppose 11 = 6*r + 5. Is d(r) composite?
False
Let w(n) = n**3 - 6*n**2 + n - 16. Let l be w(7). Suppose -5*h - 5*y + 51 - 1 = 0, -2*h = -2*y - l. Suppose -h*s + 13*s + 290 = 0. Is s a composite number?
True
Let a = 2568 + -183. Suppose 3*i + 0*i = a. Suppose 3*g - i = -2*g. Is g prime?
False
Let j = 19 + -13. Is j + (-2 - 2) + 249 a prime number?
True
Suppose 10*z = 8*z - 10, 0 = -4*t - 3*z - 19. Let f(l) = -1147*l**3 + l**2 - 2*l - 3. Is f(t) a prime number?
False
Let a be ((-12132)/30)/(6/(-20)). Suppose 3*j + 4*l = 2027, j + l - a = -j. Is j a prime number?
True
Suppose -4 = -j - 0. Suppose 191 = j*a - 281. Is a a composite number?
True
Let c(b) = 5*b**2 - 4*b + 4. Suppose 3*s - 84 = 7*s + p, 5*s = p - 96. Let t = 13 + s. Is c(t) prime?
True
Let q = 195 - 77. Suppose 0 = 7*r - 197 - q. Is 390/r*30/4 composite?
True
Let n(w) = 567*w**3 + 5*w**2 + 11*w - 29. Is n(4) prime?
True
Let z(s) be the third derivative of -5*s**2 - 5/6*s**3 + 1/20*s**5 + 1/8*s**4 + 0*s + 0. Is z(8) a prime number?
True
Let x = -3088 + 8475. Is x composite?
False
Let x be ((-2)/4)/((-3)/204). Suppose 5*b - x = -3*p, 4*b = 2 + 6. Suppose p*l - 1678 = 426. Is l prime?
True
Let i = -159 + -23. Let r = 381 + i. Is r a prime number?
True
Let a = 124 - 122. Let w(i) = 5 - 4 - i + 122*i**2 + 36*i**2. Is w(a) composite?
False
Le